{"id":4065,"date":"2023-11-13T13:10:46","date_gmt":"2023-11-13T13:10:46","guid":{"rendered":"https:\/\/integral-toner.de\/vom-tonerpulver-zur-fertigen-kartusche\/"},"modified":"2025-07-01T12:58:11","modified_gmt":"2025-07-01T10:58:11","slug":"como-sao-fabricados-os-cartuchos-de-toner-integral","status":"publish","type":"page","link":"https:\/\/integral-toner.de\/pt-pt\/empresa\/como-sao-fabricados-os-cartuchos-de-toner-integral\/","title":{"rendered":"Do p\u00f3 de toner ao cartucho acabado"},"content":{"rendered":"  <section class=\"textsection block-69f23dfcf21de type- \" >\n    <div class=\"container\">\n      <div class=\"row\">\n        <div class=\"col-12 col-lg-8 offset-lg-2 g-content\">\n          <div class=\"acf-innerblocks-container\">\n  <h1 class=\"g-h1-subtitle\">\n    <span>A empresa<\/span><br \/>\n    Do p\u00f3 de toner ao cartucho acabado  <\/h1>\n\n\n\n<figure class=\"wp-block-image size-full\"><img loading=\"lazy\" decoding=\"async\" width=\"945\" height=\"548\" src=\"https:\/\/integral-toner.de\/wp-content\/uploads\/2023\/10\/integral-tonerpulver.jpg\" alt=\"\" class=\"wp-image-394\" style=\"object-fit:cover\" srcset=\"https:\/\/integral-toner.de\/wp-content\/uploads\/2023\/10\/integral-tonerpulver.jpg 945w, https:\/\/integral-toner.de\/wp-content\/uploads\/2023\/10\/integral-tonerpulver-300x174.jpg 300w, https:\/\/integral-toner.de\/wp-content\/uploads\/2023\/10\/integral-tonerpulver-768x445.jpg 768w\" sizes=\"auto, (max-width: 945px) 100vw, 945px\" \/><\/figure>\n\n\n\n<p>As linhas de enchimento com elevada precis\u00e3o de enchimento s\u00e3o utilizadas na produ\u00e7\u00e3o de cartuchos.<\/p>\n\n\n\n<p>Todos os cartuchos s\u00e3o testados quanto \u00e0 resist\u00eancia \u00e0 press\u00e3o antes do enchimento. Depois de os cartuchos terem sido enchidos com o peso exato, s\u00e3o automaticamente tapados e passam por uma esta\u00e7\u00e3o de limpeza. Este \u00faltimo garante que apenas os cartuchos limpos s\u00e3o entregues aos clientes.  <\/p>\n\n\n\n<p>Os cartuchos cheios s\u00e3o transportados num tapete rolante para serem embalados.<\/p>\n\n\n      <a class=\"is-style-back-to\" href=\"https:\/\/integral-toner.de\/unternehmen\/#kartuschenfertigung\" target=\"\">\n        <svg xmlns=\"http:\/\/www.w3.org\/2000\/svg\" width=\"26.964\" height=\"15.208\" viewBox=\"0 0 26.964 15.208\">\n  <g transform=\"translate(1 0.707)\">\n    <path d=\"M388.367,27l-6.9-6.9a1,1,0,0,1,0-1.414l6.9-6.9,1.414,1.414-6.19,6.19,6.19,6.19Z\" transform=\"translate(-382.177 -12.5)\" fill=\"#e3051b\"\/>\n    <path d=\"M25.964,1H0V-1H25.964Z\" transform=\"translate(0 6.897)\" fill=\"#e3051b\"\/>\n  <\/g>\n<\/svg>\n\n        Volta \u00e0 vis\u00e3o geral    <\/a>\n  \n<\/div>\n        <\/div>\n      <\/div>\n    <\/div>\n  <\/section>\n","protected":false},"excerpt":{"rendered":"","protected":false},"author":2,"featured_media":972,"parent":3403,"menu_order":0,"comment_status":"closed","ping_status":"closed","template":"template-article.php","meta":{"_acf_changed":false,"_seopress_robots_primary_cat":"","_seopress_titles_title":"Como \u00e9 que fabricas cartuchos de toner? | Toner INTEGRAL","_seopress_titles_desc":"Descobre como \u00e9 fabricado o cartucho de toner da tua impressora. Peso de enchimento, resist\u00eancia \u00e0 press\u00e3o, fecho autom\u00e1tico, esta\u00e7\u00e3o de limpeza","_seopress_robots_index":"","footnotes":""},"class_list":["post-4065","page","type-page","status-publish","has-post-thumbnail","hentry"],"acf":[],"_links":{"self":[{"href":"https:\/\/integral-toner.de\/pt-pt\/wp-json\/wp\/v2\/pages\/4065","targetHints":{"allow":["GET"]}}],"collection":[{"href":"https:\/\/integral-toner.de\/pt-pt\/wp-json\/wp\/v2\/pages"}],"about":[{"href":"https:\/\/integral-toner.de\/pt-pt\/wp-json\/wp\/v2\/types\/page"}],"author":[{"embeddable":true,"href":"https:\/\/integral-toner.de\/pt-pt\/wp-json\/wp\/v2\/users\/2"}],"replies":[{"embeddable":true,"href":"https:\/\/integral-toner.de\/pt-pt\/wp-json\/wp\/v2\/comments?post=4065"}],"version-history":[{"count":11,"href":"https:\/\/integral-toner.de\/pt-pt\/wp-json\/wp\/v2\/pages\/4065\/revisions"}],"predecessor-version":[{"id":9261,"href":"https:\/\/integral-toner.de\/pt-pt\/wp-json\/wp\/v2\/pages\/4065\/revisions\/9261"}],"up":[{"embeddable":true,"href":"https:\/\/integral-toner.de\/pt-pt\/wp-json\/wp\/v2\/pages\/3403"}],"wp:featuredmedia":[{"embeddable":true,"href":"https:\/\/integral-toner.de\/pt-pt\/wp-json\/wp\/v2\/media\/972"}],"wp:attachment":[{"href":"https:\/\/integral-toner.de\/pt-pt\/wp-json\/wp\/v2\/media?parent=4065"}],"curies":[{"name":"wp","href":"https:\/\/api.w.org\/{rel}","templated":true}]}}

Do pó de toner ao cartucho acabado

<section class="textsection block-69f23dfcf21de type- " >
    <div class="container">
      <div class="row">
        <div class="col-12 col-lg-8 offset-lg-2 g-content">
          <div class="acf-innerblocks-container">
  <h1 class="g-h1-subtitle">
    <span>A empresa</span><br />
    Do pó de toner ao cartucho acabado  </h1>



<figure class="wp-block-image size-full"><img loading="lazy" decoding="async" width="945" height="548" src="https://integral-toner.de/wp-content/uploads/2023/10/integral-tonerpulver.jpg" alt="" class="wp-image-394" style="object-fit:cover" srcset="https://integral-toner.de/wp-content/uploads/2023/10/integral-tonerpulver.jpg 945w, https://integral-toner.de/wp-content/uploads/2023/10/integral-tonerpulver-300x174.jpg 300w, https://integral-toner.de/wp-content/uploads/2023/10/integral-tonerpulver-768x445.jpg 768w" sizes="auto, (max-width: 945px) 100vw, 945px" /></figure>



<p>As linhas de enchimento com elevada precisão de enchimento são utilizadas na produção de cartuchos.</p>



<p>Todos os cartuchos são testados quanto à resistência à pressão antes do enchimento. Depois de os cartuchos terem sido enchidos com o peso exato, são automaticamente tapados e passam por uma estação de limpeza. Este último garante que apenas os cartuchos limpos são entregues aos clientes.  </p>



<p>Os cartuchos cheios são transportados num tapete rolante para serem embalados.</p>


      <a class="is-style-back-to" href="https://integral-toner.de/unternehmen/#kartuschenfertigung" target="">
        <svg xmlns="http://www.w3.org/2000/svg" width="26.964" height="15.208" viewBox="0 0 26.964 15.208">
  <g transform="translate(1 0.707)">
    <path d="M388.367,27l-6.9-6.9a1,1,0,0,1,0-1.414l6.9-6.9,1.414,1.414-6.19,6.19,6.19,6.19Z" transform="translate(-382.177 -12.5)" fill="#e3051b"/>
    <path d="M25.964,1H0V-1H25.964Z" transform="translate(0 6.897)" fill="#e3051b"/>
  </g>
</svg>

        Volta à visão geral    </a>
  
</div>
        </div>
      </div>
    </div>
  </section>

Como é que fabricas cartuchos de toner? | Toner INTEGRAL

Descobre como é fabricado o cartucho de toner da tua impressora. Peso de enchimento, resistência à pressão, fecho automático, estação de limpeza
