{"id":4036,"date":"2023-11-13T12:17:13","date_gmt":"2023-11-13T12:17:13","guid":{"rendered":"https:\/\/integral-toner.de\/leidenschaft-fuer-spitzenleistungen\/"},"modified":"2025-07-01T12:58:34","modified_gmt":"2025-07-01T10:58:34","slug":"voce-tem-paixao-pela-excelencia","status":"publish","type":"page","link":"https:\/\/integral-toner.de\/pt-pt\/empresa\/carreira\/voce-tem-paixao-pela-excelencia\/","title":{"rendered":"Paix\u00e3o pelo desempenho de topo"},"content":{"rendered":"  <section class=\"textsection block-69ec7acc5a668 type- \" >\n    <div class=\"container\">\n      <div class=\"row\">\n        <div class=\"col-12 col-lg-8 offset-lg-2 g-content\">\n          <div class=\"acf-innerblocks-container\">\n  <h1 class=\"g-h1-subtitle\">\n    <span>Carreira<\/span><br \/>\n    Paix\u00e3o pelo desempenho de topo  <\/h1>\n\n\n\n<figure class=\"wp-block-image size-full\"><img loading=\"lazy\" decoding=\"async\" width=\"945\" height=\"548\" src=\"https:\/\/integral-toner.de\/wp-content\/uploads\/2023\/10\/integral-leidenschaft-fuer-spitzenleistung.jpg\" alt=\"\" class=\"wp-image-330\" srcset=\"https:\/\/integral-toner.de\/wp-content\/uploads\/2023\/10\/integral-leidenschaft-fuer-spitzenleistung.jpg 945w, https:\/\/integral-toner.de\/wp-content\/uploads\/2023\/10\/integral-leidenschaft-fuer-spitzenleistung-300x174.jpg 300w, https:\/\/integral-toner.de\/wp-content\/uploads\/2023\/10\/integral-leidenschaft-fuer-spitzenleistung-768x445.jpg 768w\" sizes=\"auto, (max-width: 945px) 100vw, 945px\" \/><\/figure>\n\n\n\n<p>A chave para o sucesso mant\u00e9m-se constante: uma concentra\u00e7\u00e3o na qualidade sem compromissos e nas necessidades dos clientes, a orienta\u00e7\u00e3o para o valor combinada com a orienta\u00e7\u00e3o para a tecnologia e o empenho da equipa de funcion\u00e1rios motivados e talentosos.<\/p>\n\n\n\n<p>Com base nestes factores, oferecemos posi\u00e7\u00f5es em v\u00e1rias \u00e1reas da empresa. Est\u00e1s empenhado e gostarias de te juntar \u00e0 INTEGRAL no caminho para o sucesso? Ent\u00e3o encontra o emprego certo para ti e candidata-te agora.  <\/p>\n\n\n      <a class=\"is-style-back-to\" href=\"https:\/\/integral-toner.de\/unternehmen\/karriere\/\" target=\"\">\n        <svg xmlns=\"http:\/\/www.w3.org\/2000\/svg\" width=\"26.964\" height=\"15.208\" viewBox=\"0 0 26.964 15.208\">\n  <g transform=\"translate(1 0.707)\">\n    <path d=\"M388.367,27l-6.9-6.9a1,1,0,0,1,0-1.414l6.9-6.9,1.414,1.414-6.19,6.19,6.19,6.19Z\" transform=\"translate(-382.177 -12.5)\" fill=\"#e3051b\"\/>\n    <path d=\"M25.964,1H0V-1H25.964Z\" transform=\"translate(0 6.897)\" fill=\"#e3051b\"\/>\n  <\/g>\n<\/svg>\n\n        Volta \u00e0 vis\u00e3o geral    <\/a>\n  \n<\/div>\n        <\/div>\n      <\/div>\n    <\/div>\n  <\/section>\n","protected":false},"excerpt":{"rendered":"","protected":false},"author":2,"featured_media":944,"parent":3505,"menu_order":0,"comment_status":"closed","ping_status":"closed","template":"template-article.php","meta":{"_acf_changed":false,"_seopress_robots_primary_cat":"","_seopress_titles_title":"O teu caminho para o sucesso com a INTEGRAL | Fabricante de toner INTEGRAL","_seopress_titles_desc":"A chave para o sucesso mant\u00e9m-se constante \u2794 Funcion\u00e1rios talentosos que satisfazem as necessidades dos clientes com uma qualidade sem compromissos \u2794 \u00c9 por isso que precisamos de ti!","_seopress_robots_index":"","footnotes":""},"class_list":["post-4036","page","type-page","status-publish","has-post-thumbnail","hentry"],"acf":[],"_links":{"self":[{"href":"https:\/\/integral-toner.de\/pt-pt\/wp-json\/wp\/v2\/pages\/4036","targetHints":{"allow":["GET"]}}],"collection":[{"href":"https:\/\/integral-toner.de\/pt-pt\/wp-json\/wp\/v2\/pages"}],"about":[{"href":"https:\/\/integral-toner.de\/pt-pt\/wp-json\/wp\/v2\/types\/page"}],"author":[{"embeddable":true,"href":"https:\/\/integral-toner.de\/pt-pt\/wp-json\/wp\/v2\/users\/2"}],"replies":[{"embeddable":true,"href":"https:\/\/integral-toner.de\/pt-pt\/wp-json\/wp\/v2\/comments?post=4036"}],"version-history":[{"count":9,"href":"https:\/\/integral-toner.de\/pt-pt\/wp-json\/wp\/v2\/pages\/4036\/revisions"}],"predecessor-version":[{"id":9293,"href":"https:\/\/integral-toner.de\/pt-pt\/wp-json\/wp\/v2\/pages\/4036\/revisions\/9293"}],"up":[{"embeddable":true,"href":"https:\/\/integral-toner.de\/pt-pt\/wp-json\/wp\/v2\/pages\/3505"}],"wp:featuredmedia":[{"embeddable":true,"href":"https:\/\/integral-toner.de\/pt-pt\/wp-json\/wp\/v2\/media\/944"}],"wp:attachment":[{"href":"https:\/\/integral-toner.de\/pt-pt\/wp-json\/wp\/v2\/media?parent=4036"}],"curies":[{"name":"wp","href":"https:\/\/api.w.org\/{rel}","templated":true}]}}

Paixão pelo desempenho de topo

<section class="textsection block-69ec7acc5a668 type- " >
    <div class="container">
      <div class="row">
        <div class="col-12 col-lg-8 offset-lg-2 g-content">
          <div class="acf-innerblocks-container">
  <h1 class="g-h1-subtitle">
    <span>Carreira</span><br />
    Paixão pelo desempenho de topo  </h1>



<figure class="wp-block-image size-full"><img loading="lazy" decoding="async" width="945" height="548" src="https://integral-toner.de/wp-content/uploads/2023/10/integral-leidenschaft-fuer-spitzenleistung.jpg" alt="" class="wp-image-330" srcset="https://integral-toner.de/wp-content/uploads/2023/10/integral-leidenschaft-fuer-spitzenleistung.jpg 945w, https://integral-toner.de/wp-content/uploads/2023/10/integral-leidenschaft-fuer-spitzenleistung-300x174.jpg 300w, https://integral-toner.de/wp-content/uploads/2023/10/integral-leidenschaft-fuer-spitzenleistung-768x445.jpg 768w" sizes="auto, (max-width: 945px) 100vw, 945px" /></figure>



<p>A chave para o sucesso mantém-se constante: uma concentração na qualidade sem compromissos e nas necessidades dos clientes, a orientação para o valor combinada com a orientação para a tecnologia e o empenho da equipa de funcionários motivados e talentosos.</p>



<p>Com base nestes factores, oferecemos posições em várias áreas da empresa. Estás empenhado e gostarias de te juntar à INTEGRAL no caminho para o sucesso? Então encontra o emprego certo para ti e candidata-te agora.  </p>


      <a class="is-style-back-to" href="https://integral-toner.de/unternehmen/karriere/" target="">
        <svg xmlns="http://www.w3.org/2000/svg" width="26.964" height="15.208" viewBox="0 0 26.964 15.208">
  <g transform="translate(1 0.707)">
    <path d="M388.367,27l-6.9-6.9a1,1,0,0,1,0-1.414l6.9-6.9,1.414,1.414-6.19,6.19,6.19,6.19Z" transform="translate(-382.177 -12.5)" fill="#e3051b"/>
    <path d="M25.964,1H0V-1H25.964Z" transform="translate(0 6.897)" fill="#e3051b"/>
  </g>
</svg>

        Volta à visão geral    </a>
  
</div>
        </div>
      </div>
    </div>
  </section>

A chave para o sucesso mantém-se constante ➔ Funcionários talentosos que satisfazem as necessidades dos clientes com uma qualidade sem compromissos ➔ É por isso que precisamos de ti!
