{"id":4022,"date":"2023-11-13T12:12:51","date_gmt":"2023-11-13T12:12:51","guid":{"rendered":"https:\/\/integral-toner.de\/der-kunde-an-der-spitze-der-unternehmensorganisation\/"},"modified":"2024-06-07T12:45:00","modified_gmt":"2024-06-07T12:45:00","slug":"apoio-personalizado-e-profissional-em-cada-compra","status":"publish","type":"page","link":"https:\/\/integral-toner.de\/pt-pt\/apoiar\/apoio-personalizado-e-profissional-em-cada-compra\/","title":{"rendered":"Apoio personalizado e profissional em cada compra"},"content":{"rendered":"  <section class=\"textsection block-69ee5be831e7a type- \" >\n    <div class=\"container\">\n      <div class=\"row\">\n        <div class=\"col-12 col-lg-8 offset-lg-2 g-content\">\n          <div class=\"acf-innerblocks-container\">\n  <h1 class=\"g-h1-subtitle\">\n    <span>APOIO<\/span><br \/>\n    Apoio personalizado e profissional em cada compra  <\/h1>\n\n\n\n<figure class=\"wp-block-image size-full\"><img loading=\"lazy\" decoding=\"async\" width=\"945\" height=\"548\" src=\"https:\/\/integral-toner.de\/wp-content\/uploads\/2023\/10\/kunde-an-der-spitze-der-unternehmensorganisation.jpg\" alt=\"\" class=\"wp-image-306\" srcset=\"https:\/\/integral-toner.de\/wp-content\/uploads\/2023\/10\/kunde-an-der-spitze-der-unternehmensorganisation.jpg 945w, https:\/\/integral-toner.de\/wp-content\/uploads\/2023\/10\/kunde-an-der-spitze-der-unternehmensorganisation-300x174.jpg 300w, https:\/\/integral-toner.de\/wp-content\/uploads\/2023\/10\/kunde-an-der-spitze-der-unternehmensorganisation-768x445.jpg 768w\" sizes=\"auto, (max-width: 945px) 100vw, 945px\" \/><\/figure>\n\n\n\n<p>Experimente um servi\u00e7o soberbo como cliente da INTEGRAL. Pode esperar que a qualidade do nosso servi\u00e7o ao cliente corresponda \u00e0 qualidade dos nossos toners.<\/p>\n\n\n\n<p>Ter\u00e1 um contacto pessoal do servi\u00e7o de apoio ao cliente que tratar\u00e1 diretamente de todos os seus requisitos, para que n\u00e3o tenha de falar com um centro de atendimento telef\u00f3nico. Adaptaremos o apoio \u00e0s suas necessidades e responderemos a quaisquer perguntas sobre os nossos produtos, pre\u00e7os, disponibilidade ou log\u00edstica.<\/p>\n\n\n\n<p>Com mais de 55 anos de experi\u00eancia na ind\u00fastria do toner, compreendemos o n\u00edvel de servi\u00e7o que espera do seu fornecedor de toner.<\/p>\n\n\n      <a class=\"is-style-back-to\" href=\"https:\/\/integral-toner.de\/pt-pt\/apoiar\/#pol\u00edtica-empresarial\" target=\"\">\n        <svg xmlns=\"http:\/\/www.w3.org\/2000\/svg\" width=\"26.964\" height=\"15.208\" viewBox=\"0 0 26.964 15.208\">\n  <g transform=\"translate(1 0.707)\">\n    <path d=\"M388.367,27l-6.9-6.9a1,1,0,0,1,0-1.414l6.9-6.9,1.414,1.414-6.19,6.19,6.19,6.19Z\" transform=\"translate(-382.177 -12.5)\" fill=\"#e3051b\"\/>\n    <path d=\"M25.964,1H0V-1H25.964Z\" transform=\"translate(0 6.897)\" fill=\"#e3051b\"\/>\n  <\/g>\n<\/svg>\n\n        Voltar \u00e0 vis\u00e3o geral    <\/a>\n  \n<\/div>\n        <\/div>\n      <\/div>\n    <\/div>\n  <\/section>\n","protected":false},"excerpt":{"rendered":"","protected":false},"author":2,"featured_media":940,"parent":3456,"menu_order":0,"comment_status":"closed","ping_status":"closed","template":"template-article.php","meta":{"_acf_changed":false,"_seopress_robots_primary_cat":"","_seopress_titles_title":"Servi\u00e7o personalizado e profissional | Fabricante de toners INTEGRAL","_seopress_titles_desc":"o nosso objetivo \u00e9 que receba a melhor experi\u00eancia de produto INTEGRAL em cada compra \u2794 o valor mais importante da pol\u00edtica da empresa \u00e9 o atendimento ao cliente.","_seopress_robots_index":"","footnotes":""},"class_list":["post-4022","page","type-page","status-publish","has-post-thumbnail","hentry"],"acf":[],"_links":{"self":[{"href":"https:\/\/integral-toner.de\/pt-pt\/wp-json\/wp\/v2\/pages\/4022","targetHints":{"allow":["GET"]}}],"collection":[{"href":"https:\/\/integral-toner.de\/pt-pt\/wp-json\/wp\/v2\/pages"}],"about":[{"href":"https:\/\/integral-toner.de\/pt-pt\/wp-json\/wp\/v2\/types\/page"}],"author":[{"embeddable":true,"href":"https:\/\/integral-toner.de\/pt-pt\/wp-json\/wp\/v2\/users\/2"}],"replies":[{"embeddable":true,"href":"https:\/\/integral-toner.de\/pt-pt\/wp-json\/wp\/v2\/comments?post=4022"}],"version-history":[{"count":10,"href":"https:\/\/integral-toner.de\/pt-pt\/wp-json\/wp\/v2\/pages\/4022\/revisions"}],"predecessor-version":[{"id":4966,"href":"https:\/\/integral-toner.de\/pt-pt\/wp-json\/wp\/v2\/pages\/4022\/revisions\/4966"}],"up":[{"embeddable":true,"href":"https:\/\/integral-toner.de\/pt-pt\/wp-json\/wp\/v2\/pages\/3456"}],"wp:featuredmedia":[{"embeddable":true,"href":"https:\/\/integral-toner.de\/pt-pt\/wp-json\/wp\/v2\/media\/940"}],"wp:attachment":[{"href":"https:\/\/integral-toner.de\/pt-pt\/wp-json\/wp\/v2\/media?parent=4022"}],"curies":[{"name":"wp","href":"https:\/\/api.w.org\/{rel}","templated":true}]}}

<section class="textsection block-69ee5be831e7a type- " >
    <div class="container">
      <div class="row">
        <div class="col-12 col-lg-8 offset-lg-2 g-content">
          <div class="acf-innerblocks-container">
  <h1 class="g-h1-subtitle">
    <span>APOIO</span><br />
    Apoio personalizado e profissional em cada compra  </h1>



<figure class="wp-block-image size-full"><img loading="lazy" decoding="async" width="945" height="548" src="https://integral-toner.de/wp-content/uploads/2023/10/kunde-an-der-spitze-der-unternehmensorganisation.jpg" alt="" class="wp-image-306" srcset="https://integral-toner.de/wp-content/uploads/2023/10/kunde-an-der-spitze-der-unternehmensorganisation.jpg 945w, https://integral-toner.de/wp-content/uploads/2023/10/kunde-an-der-spitze-der-unternehmensorganisation-300x174.jpg 300w, https://integral-toner.de/wp-content/uploads/2023/10/kunde-an-der-spitze-der-unternehmensorganisation-768x445.jpg 768w" sizes="auto, (max-width: 945px) 100vw, 945px" /></figure>



<p>Experimente um serviço soberbo como cliente da INTEGRAL. Pode esperar que a qualidade do nosso serviço ao cliente corresponda à qualidade dos nossos toners.</p>



<p>Terá um contacto pessoal do serviço de apoio ao cliente que tratará diretamente de todos os seus requisitos, para que não tenha de falar com um centro de atendimento telefónico. Adaptaremos o apoio às suas necessidades e responderemos a quaisquer perguntas sobre os nossos produtos, preços, disponibilidade ou logística.</p>



<p>Com mais de 55 anos de experiência na indústria do toner, compreendemos o nível de serviço que espera do seu fornecedor de toner.</p>


      <a class="is-style-back-to" href="https://integral-toner.de/pt-pt/apoiar/#política-empresarial" target="">
        <svg xmlns="http://www.w3.org/2000/svg" width="26.964" height="15.208" viewBox="0 0 26.964 15.208">
  <g transform="translate(1 0.707)">
    <path d="M388.367,27l-6.9-6.9a1,1,0,0,1,0-1.414l6.9-6.9,1.414,1.414-6.19,6.19,6.19,6.19Z" transform="translate(-382.177 -12.5)" fill="#e3051b"/>
    <path d="M25.964,1H0V-1H25.964Z" transform="translate(0 6.897)" fill="#e3051b"/>
  </g>
</svg>

        Voltar à visão geral    </a>
  
</div>
        </div>
      </div>
    </div>
  </section>

Serviço personalizado e profissional | Fabricante de toners INTEGRAL

o nosso objetivo é que receba a melhor experiência de produto INTEGRAL em cada compra ➔ o valor mais importante da política da empresa é o atendimento ao cliente.
