{"id":8956,"date":"2023-10-28T10:59:11","date_gmt":"2023-10-28T08:59:11","guid":{"rendered":"https:\/\/integral-toner.de\/qualita-e-affidabilita-sono-le-priorita-principali-di-integral\/"},"modified":"2025-07-30T16:54:20","modified_gmt":"2025-07-30T14:54:20","slug":"qualita-e-affidabilita-sono-le-priorita-principali-di-integral","status":"publish","type":"page","link":"https:\/\/integral-toner.de\/it\/qualita-e-affidabilita-sono-le-priorita-principali-di-integral\/","title":{"rendered":"Qualit\u00e0 e affidabilit\u00e0 sono le principali priorit\u00e0 di INTEGRAL"},"content":{"rendered":"  <section class=\"textsection block-69f3ebb1ee293 type- \" >\n    <div class=\"container\">\n      <div class=\"row\">\n        <div class=\"col-12 col-lg-8 offset-lg-2 g-content\">\n          <div class=\"acf-innerblocks-container\">\n  <h1 class=\"g-h1-subtitle\">\n    <span>Azienda<\/span><br \/>\n    Qualit\u00e0 e affidabilit\u00e0 sono le principali priorit\u00e0 di INTEGRAL  <\/h1>\n\n\n\n<figure class=\"wp-block-image size-full\"><img loading=\"lazy\" decoding=\"async\" width=\"945\" height=\"548\" src=\"https:\/\/integral-toner.de\/wp-content\/uploads\/2023\/10\/integral-zuverlaessigkeit.jpg\" alt=\"\" class=\"wp-image-402\" srcset=\"https:\/\/integral-toner.de\/wp-content\/uploads\/2023\/10\/integral-zuverlaessigkeit.jpg 945w, https:\/\/integral-toner.de\/wp-content\/uploads\/2023\/10\/integral-zuverlaessigkeit-300x174.jpg 300w, https:\/\/integral-toner.de\/wp-content\/uploads\/2023\/10\/integral-zuverlaessigkeit-768x445.jpg 768w\" sizes=\"auto, (max-width: 945px) 100vw, 945px\" \/><\/figure>\n\n\n\n<p>Vengono effettuati approfonditi test di stampa e copia per garantire la densit\u00e0 ottica, la resa delle pagine e, nel caso di toner per stampanti a colori, l&#8217;accuratezza dei colori. Le ampie misure di verifica della qualit\u00e0 aiutano a garantire che i clienti acquistino solo prodotti che soddisfano gli standard pi\u00f9 elevati. <\/p>\n\n\n\n<p>Il sistema completo di controllo della qualit\u00e0 durante il processo di produzione assicura che vengano forniti solo prodotti che soddisfino gli elevati standard qualitativi di INTEGRAL.<\/p>\n\n\n\n<p>Le moderne strutture di laboratorio supportano un controllo di qualit\u00e0 continuo. I vantaggi pi\u00f9 importanti per i clienti sono la qualit\u00e0 e le prestazioni eccezionali dei prodotti. <\/p>\n\n\n\n<p>Qualit\u00e0 eccezionale significa toner con prestazioni e composizione costanti ad ogni consegna.<\/p>\n\n\n\n<p>I nuovi prodotti sono sempre sottoposti a test approfonditi. Questi si svolgono in una serie di condizioni ambientali e di attrezzature diverse. Vengono anche effettuati test interni a lungo termine.  <\/p>\n\n\n\n<p>Prima della consegna al cliente, ogni lotto di produzione viene sottoposto ad approfondite analisi di controllo della qualit\u00e0 da parte del laboratorio di sviluppo dell&#8217;azienda. Inoltre, vengono effettuati test di copiatura e stampa. <\/p>\n\n\n\n<p>Se, oltre alla qualit\u00e0 dei prodotti e alla competitivit\u00e0 dei prezzi, sono importanti l&#8217;elevata disponibilit\u00e0 dei prodotti e i tempi di consegna ridotti, INTEGRAL \u00e8 il partner giusto per te.<\/p>\n\n\n\n<div class=\"gallery\"  data-images=\"https:\/\/integral-toner.de\/wp-content\/uploads\/2023\/11\/laborcomputer-mit-messerbenissen.jpg||https:\/\/integral-toner.de\/wp-content\/uploads\/2023\/11\/laborant-kopiert-dokumente.jpg||https:\/\/integral-toner.de\/wp-content\/uploads\/2023\/11\/laborrant-kontrolliert-ergebnisse.jpg\" >\n    <ul class=\"gallery__images\">\n                    <li><img loading=\"lazy\" decoding=\"async\" width=\"1100\" height=\"740\" src=\"https:\/\/integral-toner.de\/wp-content\/uploads\/2023\/11\/laborcomputer-mit-messerbenissen.jpg\" class=\"attachment-full size-full\" alt=\"Computer im Labor bei INTEGRAL\" srcset=\"https:\/\/integral-toner.de\/wp-content\/uploads\/2023\/11\/laborcomputer-mit-messerbenissen.jpg 1100w, https:\/\/integral-toner.de\/wp-content\/uploads\/2023\/11\/laborcomputer-mit-messerbenissen-300x202.jpg 300w, https:\/\/integral-toner.de\/wp-content\/uploads\/2023\/11\/laborcomputer-mit-messerbenissen-1024x689.jpg 1024w, https:\/\/integral-toner.de\/wp-content\/uploads\/2023\/11\/laborcomputer-mit-messerbenissen-768x517.jpg 768w\" sizes=\"auto, (max-width: 1100px) 100vw, 1100px\" \/><\/li>\n                    <li><img loading=\"lazy\" decoding=\"async\" width=\"1100\" height=\"733\" src=\"https:\/\/integral-toner.de\/wp-content\/uploads\/2023\/11\/laborant-kopiert-dokumente.jpg\" class=\"attachment-full size-full\" alt=\"Laborant f\u00fchrt Toner-Tests durch bei INTEGRAL\" srcset=\"https:\/\/integral-toner.de\/wp-content\/uploads\/2023\/11\/laborant-kopiert-dokumente.jpg 1100w, https:\/\/integral-toner.de\/wp-content\/uploads\/2023\/11\/laborant-kopiert-dokumente-300x200.jpg 300w, https:\/\/integral-toner.de\/wp-content\/uploads\/2023\/11\/laborant-kopiert-dokumente-1024x682.jpg 1024w, https:\/\/integral-toner.de\/wp-content\/uploads\/2023\/11\/laborant-kopiert-dokumente-768x512.jpg 768w\" sizes=\"auto, (max-width: 1100px) 100vw, 1100px\" \/><\/li>\n                    <li><img loading=\"lazy\" decoding=\"async\" width=\"1100\" height=\"700\" src=\"https:\/\/integral-toner.de\/wp-content\/uploads\/2023\/11\/laborrant-kontrolliert-ergebnisse.jpg\" class=\"attachment-full size-full\" alt=\"Der Laborant \u00fcberpr\u00fcft die Ergebnisse der Druck- und Kopierertests f\u00fcr den INTEGRAL-Toner\" srcset=\"https:\/\/integral-toner.de\/wp-content\/uploads\/2023\/11\/laborrant-kontrolliert-ergebnisse.jpg 1100w, https:\/\/integral-toner.de\/wp-content\/uploads\/2023\/11\/laborrant-kontrolliert-ergebnisse-300x191.jpg 300w, https:\/\/integral-toner.de\/wp-content\/uploads\/2023\/11\/laborrant-kontrolliert-ergebnisse-1024x652.jpg 1024w, https:\/\/integral-toner.de\/wp-content\/uploads\/2023\/11\/laborrant-kontrolliert-ergebnisse-768x489.jpg 768w\" sizes=\"auto, (max-width: 1100px) 100vw, 1100px\" \/><\/li>\n            <\/ul>\n<\/div>\n\n\n      <a class=\"is-style-back-to\" href=\"https:\/\/integral-toner.de\/unternehmen\/#qualitatssicherung\" target=\"\">\n        <svg xmlns=\"http:\/\/www.w3.org\/2000\/svg\" width=\"26.964\" height=\"15.208\" viewBox=\"0 0 26.964 15.208\">\n  <g transform=\"translate(1 0.707)\">\n    <path d=\"M388.367,27l-6.9-6.9a1,1,0,0,1,0-1.414l6.9-6.9,1.414,1.414-6.19,6.19,6.19,6.19Z\" transform=\"translate(-382.177 -12.5)\" fill=\"#e3051b\"\/>\n    <path d=\"M25.964,1H0V-1H25.964Z\" transform=\"translate(0 6.897)\" fill=\"#e3051b\"\/>\n  <\/g>\n<\/svg>\n\n        Torna alla panoramica    <\/a>\n  \n<\/div>\n        <\/div>\n      <\/div>\n    <\/div>\n  <\/section>\n","protected":false},"excerpt":{"rendered":"","protected":false},"author":1,"featured_media":10005,"parent":0,"menu_order":0,"comment_status":"closed","ping_status":"closed","template":"template-article.php","meta":{"_acf_changed":false,"_seopress_robots_primary_cat":"","_seopress_titles_title":"Qualit\u00e0 nello sviluppo dei toner | INTEGRAL","_seopress_titles_desc":"I nuovi prodotti vengono sempre sottoposti a test approfonditi. \u2794 I test a lungo termine vengono eseguiti in diverse condizioni ambientali e di equipaggiamento direttamente presso Integral. ","_seopress_robots_index":"","footnotes":""},"class_list":["post-8956","page","type-page","status-publish","has-post-thumbnail","hentry"],"acf":[],"_links":{"self":[{"href":"https:\/\/integral-toner.de\/it\/wp-json\/wp\/v2\/pages\/8956","targetHints":{"allow":["GET"]}}],"collection":[{"href":"https:\/\/integral-toner.de\/it\/wp-json\/wp\/v2\/pages"}],"about":[{"href":"https:\/\/integral-toner.de\/it\/wp-json\/wp\/v2\/types\/page"}],"author":[{"embeddable":true,"href":"https:\/\/integral-toner.de\/it\/wp-json\/wp\/v2\/users\/1"}],"replies":[{"embeddable":true,"href":"https:\/\/integral-toner.de\/it\/wp-json\/wp\/v2\/comments?post=8956"}],"version-history":[{"count":4,"href":"https:\/\/integral-toner.de\/it\/wp-json\/wp\/v2\/pages\/8956\/revisions"}],"predecessor-version":[{"id":10007,"href":"https:\/\/integral-toner.de\/it\/wp-json\/wp\/v2\/pages\/8956\/revisions\/10007"}],"wp:featuredmedia":[{"embeddable":true,"href":"https:\/\/integral-toner.de\/it\/wp-json\/wp\/v2\/media\/10005"}],"wp:attachment":[{"href":"https:\/\/integral-toner.de\/it\/wp-json\/wp\/v2\/media?parent=8956"}],"curies":[{"name":"wp","href":"https:\/\/api.w.org\/{rel}","templated":true}]}}

Qualità e affidabilità sono le principali priorità di INTEGRAL

<section class="textsection block-69f3ebb1ee293 type- " >
    <div class="container">
      <div class="row">
        <div class="col-12 col-lg-8 offset-lg-2 g-content">
          <div class="acf-innerblocks-container">
  <h1 class="g-h1-subtitle">
    <span>Azienda</span><br />
    Qualità e affidabilità sono le principali priorità di INTEGRAL  </h1>



<figure class="wp-block-image size-full"><img loading="lazy" decoding="async" width="945" height="548" src="https://integral-toner.de/wp-content/uploads/2023/10/integral-zuverlaessigkeit.jpg" alt="" class="wp-image-402" srcset="https://integral-toner.de/wp-content/uploads/2023/10/integral-zuverlaessigkeit.jpg 945w, https://integral-toner.de/wp-content/uploads/2023/10/integral-zuverlaessigkeit-300x174.jpg 300w, https://integral-toner.de/wp-content/uploads/2023/10/integral-zuverlaessigkeit-768x445.jpg 768w" sizes="auto, (max-width: 945px) 100vw, 945px" /></figure>



<p>Vengono effettuati approfonditi test di stampa e copia per garantire la densità ottica, la resa delle pagine e, nel caso di toner per stampanti a colori, l&#8217;accuratezza dei colori. Le ampie misure di verifica della qualità aiutano a garantire che i clienti acquistino solo prodotti che soddisfano gli standard più elevati. </p>



<p>Il sistema completo di controllo della qualità durante il processo di produzione assicura che vengano forniti solo prodotti che soddisfino gli elevati standard qualitativi di INTEGRAL.</p>



<p>Le moderne strutture di laboratorio supportano un controllo di qualità continuo. I vantaggi più importanti per i clienti sono la qualità e le prestazioni eccezionali dei prodotti. </p>



<p>Qualità eccezionale significa toner con prestazioni e composizione costanti ad ogni consegna.</p>



<p>I nuovi prodotti sono sempre sottoposti a test approfonditi. Questi si svolgono in una serie di condizioni ambientali e di attrezzature diverse. Vengono anche effettuati test interni a lungo termine.  </p>



<p>Prima della consegna al cliente, ogni lotto di produzione viene sottoposto ad approfondite analisi di controllo della qualità da parte del laboratorio di sviluppo dell&#8217;azienda. Inoltre, vengono effettuati test di copiatura e stampa. </p>



<p>Se, oltre alla qualità dei prodotti e alla competitività dei prezzi, sono importanti l&#8217;elevata disponibilità dei prodotti e i tempi di consegna ridotti, INTEGRAL è il partner giusto per te.</p>



<div class="gallery"  data-images="https://integral-toner.de/wp-content/uploads/2023/11/laborcomputer-mit-messerbenissen.jpg||https://integral-toner.de/wp-content/uploads/2023/11/laborant-kopiert-dokumente.jpg||https://integral-toner.de/wp-content/uploads/2023/11/laborrant-kontrolliert-ergebnisse.jpg" >
    <ul class="gallery__images">
                    <li><img loading="lazy" decoding="async" width="1100" height="740" src="https://integral-toner.de/wp-content/uploads/2023/11/laborcomputer-mit-messerbenissen.jpg" class="attachment-full size-full" alt="Computer im Labor bei INTEGRAL" srcset="https://integral-toner.de/wp-content/uploads/2023/11/laborcomputer-mit-messerbenissen.jpg 1100w, https://integral-toner.de/wp-content/uploads/2023/11/laborcomputer-mit-messerbenissen-300x202.jpg 300w, https://integral-toner.de/wp-content/uploads/2023/11/laborcomputer-mit-messerbenissen-1024x689.jpg 1024w, https://integral-toner.de/wp-content/uploads/2023/11/laborcomputer-mit-messerbenissen-768x517.jpg 768w" sizes="auto, (max-width: 1100px) 100vw, 1100px" /></li>
                    <li><img loading="lazy" decoding="async" width="1100" height="733" src="https://integral-toner.de/wp-content/uploads/2023/11/laborant-kopiert-dokumente.jpg" class="attachment-full size-full" alt="Laborant führt Toner-Tests durch bei INTEGRAL" srcset="https://integral-toner.de/wp-content/uploads/2023/11/laborant-kopiert-dokumente.jpg 1100w, https://integral-toner.de/wp-content/uploads/2023/11/laborant-kopiert-dokumente-300x200.jpg 300w, https://integral-toner.de/wp-content/uploads/2023/11/laborant-kopiert-dokumente-1024x682.jpg 1024w, https://integral-toner.de/wp-content/uploads/2023/11/laborant-kopiert-dokumente-768x512.jpg 768w" sizes="auto, (max-width: 1100px) 100vw, 1100px" /></li>
                    <li><img loading="lazy" decoding="async" width="1100" height="700" src="https://integral-toner.de/wp-content/uploads/2023/11/laborrant-kontrolliert-ergebnisse.jpg" class="attachment-full size-full" alt="Der Laborant überprüft die Ergebnisse der Druck- und Kopierertests für den INTEGRAL-Toner" srcset="https://integral-toner.de/wp-content/uploads/2023/11/laborrant-kontrolliert-ergebnisse.jpg 1100w, https://integral-toner.de/wp-content/uploads/2023/11/laborrant-kontrolliert-ergebnisse-300x191.jpg 300w, https://integral-toner.de/wp-content/uploads/2023/11/laborrant-kontrolliert-ergebnisse-1024x652.jpg 1024w, https://integral-toner.de/wp-content/uploads/2023/11/laborrant-kontrolliert-ergebnisse-768x489.jpg 768w" sizes="auto, (max-width: 1100px) 100vw, 1100px" /></li>
            </ul>
</div>


      <a class="is-style-back-to" href="https://integral-toner.de/unternehmen/#qualitatssicherung" target="">
        <svg xmlns="http://www.w3.org/2000/svg" width="26.964" height="15.208" viewBox="0 0 26.964 15.208">
  <g transform="translate(1 0.707)">
    <path d="M388.367,27l-6.9-6.9a1,1,0,0,1,0-1.414l6.9-6.9,1.414,1.414-6.19,6.19,6.19,6.19Z" transform="translate(-382.177 -12.5)" fill="#e3051b"/>
    <path d="M25.964,1H0V-1H25.964Z" transform="translate(0 6.897)" fill="#e3051b"/>
  </g>
</svg>

        Torna alla panoramica    </a>
  
</div>
        </div>
      </div>
    </div>
  </section>

Qualità nello sviluppo dei toner | INTEGRAL
