{"id":4064,"date":"2023-11-13T13:10:46","date_gmt":"2023-11-13T13:10:46","guid":{"rendered":"https:\/\/integral-toner.de\/vom-tonerpulver-zur-fertigen-kartusche\/"},"modified":"2025-07-01T12:58:11","modified_gmt":"2025-07-01T10:58:11","slug":"comment-sont-fabriquees-les-cartouches-de-toner-integral","status":"publish","type":"page","link":"https:\/\/integral-toner.de\/fr\/entreprise\/comment-sont-fabriquees-les-cartouches-de-toner-integral\/","title":{"rendered":"De la poudre de toner \u00e0 la cartouche finie"},"content":{"rendered":"  <section class=\"textsection block-69f23bde55c12 type- \" >\n    <div class=\"container\">\n      <div class=\"row\">\n        <div class=\"col-12 col-lg-8 offset-lg-2 g-content\">\n          <div class=\"acf-innerblocks-container\">\n  <h1 class=\"g-h1-subtitle\">\n    <span>Soci\u00e9t\u00e9<\/span><br \/>\n    De la poudre de toner \u00e0 la cartouche finie  <\/h1>\n\n\n\n<figure class=\"wp-block-image size-full\"><img loading=\"lazy\" decoding=\"async\" width=\"945\" height=\"548\" src=\"https:\/\/integral-toner.de\/wp-content\/uploads\/2023\/10\/integral-tonerpulver.jpg\" alt=\"\" class=\"wp-image-394\" style=\"object-fit:cover\" srcset=\"https:\/\/integral-toner.de\/wp-content\/uploads\/2023\/10\/integral-tonerpulver.jpg 945w, https:\/\/integral-toner.de\/wp-content\/uploads\/2023\/10\/integral-tonerpulver-300x174.jpg 300w, https:\/\/integral-toner.de\/wp-content\/uploads\/2023\/10\/integral-tonerpulver-768x445.jpg 768w\" sizes=\"auto, (max-width: 945px) 100vw, 945px\" \/><\/figure>\n\n\n\n<p>La fabrication de cartouches fait appel \u00e0 des lignes de remplissage d&rsquo;une grande pr\u00e9cision.<\/p>\n\n\n\n<p>La r\u00e9sistance \u00e0 la pression de toutes les cartouches est test\u00e9e avant le remplissage. Une fois les cartouches remplies au poids exact, elles sont automatiquement recouvertes et passent par une station de nettoyage. Ce dernier garantit que seules les cartouches propres sont livr\u00e9es aux clients.  <\/p>\n\n\n\n<p>Une fois remplies, les cartouches sont achemin\u00e9es sur un convoyeur pour un conditionnement ult\u00e9rieur.<\/p>\n\n\n      <a class=\"is-style-back-to\" href=\"https:\/\/integral-toner.de\/unternehmen\/#kartuschenfertigung\" target=\"\">\n        <svg xmlns=\"http:\/\/www.w3.org\/2000\/svg\" width=\"26.964\" height=\"15.208\" viewBox=\"0 0 26.964 15.208\">\n  <g transform=\"translate(1 0.707)\">\n    <path d=\"M388.367,27l-6.9-6.9a1,1,0,0,1,0-1.414l6.9-6.9,1.414,1.414-6.19,6.19,6.19,6.19Z\" transform=\"translate(-382.177 -12.5)\" fill=\"#e3051b\"\/>\n    <path d=\"M25.964,1H0V-1H25.964Z\" transform=\"translate(0 6.897)\" fill=\"#e3051b\"\/>\n  <\/g>\n<\/svg>\n\n        Retour \u00e0 l&rsquo;aper\u00e7u    <\/a>\n  \n<\/div>\n        <\/div>\n      <\/div>\n    <\/div>\n  <\/section>\n","protected":false},"excerpt":{"rendered":"","protected":false},"author":2,"featured_media":971,"parent":3423,"menu_order":0,"comment_status":"closed","ping_status":"closed","template":"template-article.php","meta":{"_acf_changed":false,"_seopress_robots_primary_cat":"","_seopress_titles_title":"Comment fabrique-t-on des cartouches de toner ? | toner INTEGRAL","_seopress_titles_desc":"D\u00e9couvrez comment sont fabriqu\u00e9es les cartouches de toner pour votre imprimante. \u2794 Poids de remplissage, r\u00e9sistance \u00e0 la pression, operculage automatique, station de nettoyage","_seopress_robots_index":"","footnotes":""},"class_list":["post-4064","page","type-page","status-publish","has-post-thumbnail","hentry"],"acf":[],"_links":{"self":[{"href":"https:\/\/integral-toner.de\/fr\/wp-json\/wp\/v2\/pages\/4064","targetHints":{"allow":["GET"]}}],"collection":[{"href":"https:\/\/integral-toner.de\/fr\/wp-json\/wp\/v2\/pages"}],"about":[{"href":"https:\/\/integral-toner.de\/fr\/wp-json\/wp\/v2\/types\/page"}],"author":[{"embeddable":true,"href":"https:\/\/integral-toner.de\/fr\/wp-json\/wp\/v2\/users\/2"}],"replies":[{"embeddable":true,"href":"https:\/\/integral-toner.de\/fr\/wp-json\/wp\/v2\/comments?post=4064"}],"version-history":[{"count":8,"href":"https:\/\/integral-toner.de\/fr\/wp-json\/wp\/v2\/pages\/4064\/revisions"}],"predecessor-version":[{"id":9266,"href":"https:\/\/integral-toner.de\/fr\/wp-json\/wp\/v2\/pages\/4064\/revisions\/9266"}],"up":[{"embeddable":true,"href":"https:\/\/integral-toner.de\/fr\/wp-json\/wp\/v2\/pages\/3423"}],"wp:featuredmedia":[{"embeddable":true,"href":"https:\/\/integral-toner.de\/fr\/wp-json\/wp\/v2\/media\/971"}],"wp:attachment":[{"href":"https:\/\/integral-toner.de\/fr\/wp-json\/wp\/v2\/media?parent=4064"}],"curies":[{"name":"wp","href":"https:\/\/api.w.org\/{rel}","templated":true}]}}

De la poudre de toner à la cartouche finie

<section class="textsection block-69f23bde55c12 type- " >
    <div class="container">
      <div class="row">
        <div class="col-12 col-lg-8 offset-lg-2 g-content">
          <div class="acf-innerblocks-container">
  <h1 class="g-h1-subtitle">
    <span>Société</span><br />
    De la poudre de toner à la cartouche finie  </h1>



<figure class="wp-block-image size-full"><img loading="lazy" decoding="async" width="945" height="548" src="https://integral-toner.de/wp-content/uploads/2023/10/integral-tonerpulver.jpg" alt="" class="wp-image-394" style="object-fit:cover" srcset="https://integral-toner.de/wp-content/uploads/2023/10/integral-tonerpulver.jpg 945w, https://integral-toner.de/wp-content/uploads/2023/10/integral-tonerpulver-300x174.jpg 300w, https://integral-toner.de/wp-content/uploads/2023/10/integral-tonerpulver-768x445.jpg 768w" sizes="auto, (max-width: 945px) 100vw, 945px" /></figure>



<p>La fabrication de cartouches fait appel à des lignes de remplissage d&rsquo;une grande précision.</p>



<p>La résistance à la pression de toutes les cartouches est testée avant le remplissage. Une fois les cartouches remplies au poids exact, elles sont automatiquement recouvertes et passent par une station de nettoyage. Ce dernier garantit que seules les cartouches propres sont livrées aux clients.  </p>



<p>Une fois remplies, les cartouches sont acheminées sur un convoyeur pour un conditionnement ultérieur.</p>


      <a class="is-style-back-to" href="https://integral-toner.de/unternehmen/#kartuschenfertigung" target="">
        <svg xmlns="http://www.w3.org/2000/svg" width="26.964" height="15.208" viewBox="0 0 26.964 15.208">
  <g transform="translate(1 0.707)">
    <path d="M388.367,27l-6.9-6.9a1,1,0,0,1,0-1.414l6.9-6.9,1.414,1.414-6.19,6.19,6.19,6.19Z" transform="translate(-382.177 -12.5)" fill="#e3051b"/>
    <path d="M25.964,1H0V-1H25.964Z" transform="translate(0 6.897)" fill="#e3051b"/>
  </g>
</svg>

        Retour à l&rsquo;aperçu    </a>
  
</div>
        </div>
      </div>
    </div>
  </section>

Découvrez comment sont fabriquées les cartouches de toner pour votre imprimante. ➔ Poids de remplissage, résistance à la pression, operculage automatique, station de nettoyage
