{"id":4035,"date":"2023-11-13T12:17:13","date_gmt":"2023-11-13T12:17:13","guid":{"rendered":"https:\/\/integral-toner.de\/leidenschaft-fuer-spitzenleistungen\/"},"modified":"2025-07-01T12:58:34","modified_gmt":"2025-07-01T10:58:34","slug":"vous-avez-une-passion-pour-lexcellence","status":"publish","type":"page","link":"https:\/\/integral-toner.de\/fr\/entreprise\/carriere\/vous-avez-une-passion-pour-lexcellence\/","title":{"rendered":"La passion de l&rsquo;excellence"},"content":{"rendered":"  <section class=\"textsection block-69ec79c2f06da type- \" >\n    <div class=\"container\">\n      <div class=\"row\">\n        <div class=\"col-12 col-lg-8 offset-lg-2 g-content\">\n          <div class=\"acf-innerblocks-container\">\n  <h1 class=\"g-h1-subtitle\">\n    <span>Carri\u00e8re<\/span><br \/>\n    La passion de l&rsquo;excellence  <\/h1>\n\n\n\n<figure class=\"wp-block-image size-full\"><img loading=\"lazy\" decoding=\"async\" width=\"945\" height=\"548\" src=\"https:\/\/integral-toner.de\/wp-content\/uploads\/2023\/10\/integral-leidenschaft-fuer-spitzenleistung.jpg\" alt=\"\" class=\"wp-image-330\" srcset=\"https:\/\/integral-toner.de\/wp-content\/uploads\/2023\/10\/integral-leidenschaft-fuer-spitzenleistung.jpg 945w, https:\/\/integral-toner.de\/wp-content\/uploads\/2023\/10\/integral-leidenschaft-fuer-spitzenleistung-300x174.jpg 300w, https:\/\/integral-toner.de\/wp-content\/uploads\/2023\/10\/integral-leidenschaft-fuer-spitzenleistung-768x445.jpg 768w\" sizes=\"auto, (max-width: 945px) 100vw, 945px\" \/><\/figure>\n\n\n\n<p>La cl\u00e9 du succ\u00e8s reste constante : une orientation vers une qualit\u00e9 sans compromis et les besoins des clients, une orientation vers les valeurs combin\u00e9e \u00e0 une orientation vers la technologie et l&rsquo;engagement d&rsquo;une \u00e9quipe de collaborateurs motiv\u00e9s et talentueux.<\/p>\n\n\n\n<p>Sur la base de ces facteurs, nous proposons des postes dans diff\u00e9rents secteurs de l&rsquo;entreprise. Vous \u00eates motiv\u00e9(e) et souhaitez vous engager sur la voie du succ\u00e8s avec INTEGRAL ? Alors trouvez d\u00e8s maintenant le poste qui vous convient et postulez.  <\/p>\n\n\n      <a class=\"is-style-back-to\" href=\"https:\/\/integral-toner.de\/unternehmen\/karriere\/\" target=\"\">\n        <svg xmlns=\"http:\/\/www.w3.org\/2000\/svg\" width=\"26.964\" height=\"15.208\" viewBox=\"0 0 26.964 15.208\">\n  <g transform=\"translate(1 0.707)\">\n    <path d=\"M388.367,27l-6.9-6.9a1,1,0,0,1,0-1.414l6.9-6.9,1.414,1.414-6.19,6.19,6.19,6.19Z\" transform=\"translate(-382.177 -12.5)\" fill=\"#e3051b\"\/>\n    <path d=\"M25.964,1H0V-1H25.964Z\" transform=\"translate(0 6.897)\" fill=\"#e3051b\"\/>\n  <\/g>\n<\/svg>\n\n        Retour \u00e0 l&rsquo;aper\u00e7u    <\/a>\n  \n<\/div>\n        <\/div>\n      <\/div>\n    <\/div>\n  <\/section>\n","protected":false},"excerpt":{"rendered":"","protected":false},"author":2,"featured_media":943,"parent":3517,"menu_order":0,"comment_status":"closed","ping_status":"closed","template":"template-article.php","meta":{"_acf_changed":false,"_seopress_robots_primary_cat":"","_seopress_titles_title":"La voie de votre succ\u00e8s avec INTEGRAL | INTEGRAL fabricant de toner","_seopress_titles_desc":"La cl\u00e9 du succ\u00e8s reste constante \u2794 Des collaborateurs talentueux qui r\u00e9pondent aux besoins des clients avec une qualit\u00e9 sans compromis \u2794 pour cela nous avons besoin de vous !","_seopress_robots_index":"","footnotes":""},"class_list":["post-4035","page","type-page","status-publish","has-post-thumbnail","hentry"],"acf":[],"_links":{"self":[{"href":"https:\/\/integral-toner.de\/fr\/wp-json\/wp\/v2\/pages\/4035","targetHints":{"allow":["GET"]}}],"collection":[{"href":"https:\/\/integral-toner.de\/fr\/wp-json\/wp\/v2\/pages"}],"about":[{"href":"https:\/\/integral-toner.de\/fr\/wp-json\/wp\/v2\/types\/page"}],"author":[{"embeddable":true,"href":"https:\/\/integral-toner.de\/fr\/wp-json\/wp\/v2\/users\/2"}],"replies":[{"embeddable":true,"href":"https:\/\/integral-toner.de\/fr\/wp-json\/wp\/v2\/comments?post=4035"}],"version-history":[{"count":9,"href":"https:\/\/integral-toner.de\/fr\/wp-json\/wp\/v2\/pages\/4035\/revisions"}],"predecessor-version":[{"id":9298,"href":"https:\/\/integral-toner.de\/fr\/wp-json\/wp\/v2\/pages\/4035\/revisions\/9298"}],"up":[{"embeddable":true,"href":"https:\/\/integral-toner.de\/fr\/wp-json\/wp\/v2\/pages\/3517"}],"wp:featuredmedia":[{"embeddable":true,"href":"https:\/\/integral-toner.de\/fr\/wp-json\/wp\/v2\/media\/943"}],"wp:attachment":[{"href":"https:\/\/integral-toner.de\/fr\/wp-json\/wp\/v2\/media?parent=4035"}],"curies":[{"name":"wp","href":"https:\/\/api.w.org\/{rel}","templated":true}]}}

<section class="textsection block-69ec79c2f06da type- " >
    <div class="container">
      <div class="row">
        <div class="col-12 col-lg-8 offset-lg-2 g-content">
          <div class="acf-innerblocks-container">
  <h1 class="g-h1-subtitle">
    <span>Carrière</span><br />
    La passion de l&rsquo;excellence  </h1>



<figure class="wp-block-image size-full"><img loading="lazy" decoding="async" width="945" height="548" src="https://integral-toner.de/wp-content/uploads/2023/10/integral-leidenschaft-fuer-spitzenleistung.jpg" alt="" class="wp-image-330" srcset="https://integral-toner.de/wp-content/uploads/2023/10/integral-leidenschaft-fuer-spitzenleistung.jpg 945w, https://integral-toner.de/wp-content/uploads/2023/10/integral-leidenschaft-fuer-spitzenleistung-300x174.jpg 300w, https://integral-toner.de/wp-content/uploads/2023/10/integral-leidenschaft-fuer-spitzenleistung-768x445.jpg 768w" sizes="auto, (max-width: 945px) 100vw, 945px" /></figure>



<p>La clé du succès reste constante : une orientation vers une qualité sans compromis et les besoins des clients, une orientation vers les valeurs combinée à une orientation vers la technologie et l&rsquo;engagement d&rsquo;une équipe de collaborateurs motivés et talentueux.</p>



<p>Sur la base de ces facteurs, nous proposons des postes dans différents secteurs de l&rsquo;entreprise. Vous êtes motivé(e) et souhaitez vous engager sur la voie du succès avec INTEGRAL ? Alors trouvez dès maintenant le poste qui vous convient et postulez.  </p>


      <a class="is-style-back-to" href="https://integral-toner.de/unternehmen/karriere/" target="">
        <svg xmlns="http://www.w3.org/2000/svg" width="26.964" height="15.208" viewBox="0 0 26.964 15.208">
  <g transform="translate(1 0.707)">
    <path d="M388.367,27l-6.9-6.9a1,1,0,0,1,0-1.414l6.9-6.9,1.414,1.414-6.19,6.19,6.19,6.19Z" transform="translate(-382.177 -12.5)" fill="#e3051b"/>
    <path d="M25.964,1H0V-1H25.964Z" transform="translate(0 6.897)" fill="#e3051b"/>
  </g>
</svg>

        Retour à l&rsquo;aperçu    </a>
  
</div>
        </div>
      </div>
    </div>
  </section>

La voie de votre succès avec INTEGRAL | INTEGRAL fabricant de toner

La clé du succès reste constante ➔ Des collaborateurs talentueux qui répondent aux besoins des clients avec une qualité sans compromis ➔ pour cela nous avons besoin de vous !
